e of 3389?
False
Is 75131058 a multiple of 681?
False
Is 3577141549 a multiple of 9893?
False
Is 72 a factor of 64404072?
True
Is 8461564 a multiple of 4?
True
Does 241 divide 134549818?
True
Is 7187 a factor of 231856545?
False
Is 174 a factor of 264703004?
False
Is 38 a factor of 66390940?
True
Is 976 a factor of 684857248?
True
Is 84 a factor of 678576498?
False
Is 65313802 a multiple of 227?
True
Is 34669060 a multiple of 89?
True
Does 10 divide 193214410?
True
Is 662 a factor of 4563058094?
True
Is 5130904753 a multiple of 341?
False
Is 598415088 a multiple of 982?
True
Is 35348555 a multiple of 2112?
False
Does 15 divide 80717880?
True
Is 855 a factor of 332612955?
True
Is 95886380 a multiple of 1451?
False
Does 69 divide 476436423?
False
Does 80 divide 3178342525?
False
Is 1016295496 a multiple of 4?
True
Is 108950218 a multiple of 29?
False
Does 2455 divide 225153032?
False
Does 7 divide 576523430?
True
Is 324658229 a multiple of 5?
False
Does 423 divide 842880375?
True
Is 5035152 a multiple of 12?
True
Does 5033 divide 2006439881?
False
Is 522 a factor of 372319110?
True
Is 266812854 a multiple of 10?
False
Is 199 a factor of 118620960?
False
Does 55 divide 53676700?
True
Does 62 divide 554733221?
False
Does 60 divide 11031903?
False
Is 4149 a factor of 805113508?
False
Is 11195880 a multiple of 17?
False
Is 68945340 a multiple of 60?
True
Does 6425 divide 442162075?
True
Is 5455535 a multiple of 31?
True
Is 38313958 a multiple of 30?
False
Does 285 divide 107502855?
True
Is 66 a factor of 85732086?
True
Is 225 a factor of 76924674?
False
Does 3 divide 10832563?
False
Is 16 a factor of 17332768?
True
Does 7 divide 7224228?
False
Is 260446 a multiple of 2363?
False
Is 11 a factor of 305868673?
True
Does 34 divide 14302307?
False
Does 43 divide 3006090162?
False
Does 1339 divide 2791050431?
True
Does 137 divide 980690662?
True
Does 13 divide 434921921?
False
Is 223 a factor of 125248842?
True
Is 3598470 a multiple of 90?
True
Is 534496028 a multiple of 188?
False
Does 10 divide 49376750?
True
Is 154809819 a multiple of 1380?
False
Is 108 a factor of 4252764289?
False
Does 84 divide 88146765?
False
Does 414 divide 28908378?
True
Does 11 divide 54097512?
False
Is 185 a factor of 983994086?
False
Is 77348624 a multiple of 106?
True
Is 30 a factor of 29102867?
False
Is 22180464 a multiple of 1629?
True
Does 3724 divide 70884623?
False
Is 332 a factor of 5879166?
False
Is 15077844 even?
True
Is 531338500 a multiple of 22?
True
Is 66906900 a multiple of 102?
True
Is 712 a factor of 242035856?
True
Is 449019549 a multiple of 71?
True
Is 776918664 a multiple of 808?
True
Is 623 a factor of 242324862?
False
Does 1632 divide 111437856?
True
Is 7222480 a multiple of 7?
False
Is 1232 a factor of 14973236?
False
Is 87142159 a multiple of 54?
False
Is 79965595 a multiple of 1760?
False
Is 1269 a factor of 735107589?
True
Does 1816 divide 242442516?
False
Does 116 divide 500109756?
True
Is 717418523 a multiple of 80?
False
Does 105 divide 16555517?
False
Is 253840818 a multiple of 199?
True
Is 167754824 a multiple of 46?
True
Is 325121756 a multiple of 52?
False
Is 266989 a multiple of 853?
True
Is 2752201842 a multiple of 78?
True
Is 32475058 a multiple of 1342?
True
Is 744 a factor of 164682548?
False
Is 29558118 a multiple of 722?
False
Does 509 divide 160254430?
False
Is 122 a factor of 761261595?
False
Is 320756172 a multiple of 132?
True
Does 15 divide 10460010?
True
Does 2301 divide 41468923?
False
Is 190980 a multiple of 60?
True
Is 3267639 a multiple of 26?
False
Does 959 divide 1393430754?
False
Is 5166964 a multiple of 4?
True
Is 4596 a factor of 155845764?
True
Is 11 a factor of 61066994?
False
Is 17 a factor of 40377992?
True
Is 37 a factor of 26558098?
False
Does 393 divide 43850154?
True
Is 860004280 a multiple of 8?
True
Does 239 divide 12724408?
False
Does 2024 divide 34812961?
False
Does 1297 divide 78163705?
True
Is 13 a factor of 78262652?
True
Is 1698 a factor of 569346192?
True
Is 1039839 a multiple of 3?
True
Does 92 divide 10799910?
False
Does 11 divide 334653?
True
Is 20936192 a multiple of 32?
True
Is 16 a factor of 174816912?
True
Does 1106 divide 1667603369?
False
Is 14359910 a multiple of 9?
False
Is 5793860 a multiple of 380?
True
Does 130 divide 9878130?
False
Is 256 a factor of 879986432?
True
Is 13 a factor of 62925434?
True
Is 672 a factor of 19006848?
True
Is 33 a factor of 121627187?
False
Does 34 divide 76217256?
True
Does 30 divide 443422890?
True
Does 5 divide 38901030?
True
Is 64224864 a multiple of 608?
True
Is 31 a factor of 269971375?
False
Does 58 divide 1708956080?
True
Is 25 a factor of 1217396350?
True
Is 320 a factor of 1772591360?
True
Is 69 a factor of 316525908?
True
Is 160 a factor of 14334802?
False
Is 31 a factor of 1160926471?
True
Is 95 a factor of 188034640?
True
Does 2420 divide 2705978660?
True
Is 36 a factor of 12832524?
True
Is 887 a factor of 21840351?
False
Does 3709 divide 24449446?
False
Does 35 divide 1603299915?
True
Is 4 a factor of 3110913?
False
Does 701 divide 3603686151?
False
Does 19 divide 22760271?
True
Is 474819958 a multiple of 29?
True
Does 670 divide 198338760?
True
Does 257 divide 781021972?
True
Is 19152140 a multiple of 216?
False
Is 19175775 a multiple of 835?
True
Is 6 a factor of 428773846?
False
Is 304676453 a multiple of 15?
False
Is 1286 a factor of 967709522?
False
Does 296 divide 95011789?
False
Is 30 a factor of 623692409?
False
Does 28 divide 700031080?
True
Is 42926244 a multiple of 57?
True
Is 880 a factor of 432737919?
False
Does 2567 divide 7097352?
False
Is 4333000 a multiple of 372?
False
Is 28980787 a multiple of 157?
True
Does 8 divide 199311161?
False
Does 1750 divide 191430750?
True
Is 269449995 a multiple of 3602?
False
Is 54 a factor of 2315541921?
False
Does 906 divide 40807966?
False
Does 31 divide 353158400?
False
Is 29 a factor of 233511306?
True
Is 3852 a factor of 65426220?
True
Is 13958079 a multiple of 2267?
False
Is 1320459734 a multiple of 3758?
True
Is 15 a factor of 23934930?
True
Does 27 divide 2101508942?
False
Does 161 divide 79957591?
True
Is 195 a factor of 1015399905?
True
Does 4623 divide 55725642?
True
Is 1807472 a multiple of 8?
True
Is 2009 a factor of 1754426716?
False
Does 89 divide 208012954?
False
Does 151 divide 1020645844?
True
Does 270 divide 50855850?
True
Is 22079020 a multiple of 67?
False
Is 27 a factor of 406898339?
False
Is 3439195 a multiple of 13?
False
Does 177 divide 14838560?
False
Is 69 a factor of 77348310?
True
Is 15 a factor of 67201725?
True
Is 24084720 a multiple of 80?
True
Is 1588 a factor of 1311734052?
True
Is 6 a factor of 89931901?
False
Is 209345591 a multiple of 49?
True
Is 47 a factor of 360926348?
True
Does 63 divide 186863859?
True
Is 2380175 a multiple of 5?
True
Does 1849 divide 196859332?
True
Does 1171 divide 3590512003?
True
Is 348 a factor of 241666672?
False
Is 30 a factor of 49214730?
True
Is 1162 a factor of 168910644?
True
Is 27 a factor of 512553187?
False
Is 74 a factor of 132415866?
False
Is 3 a factor of 10683528?
True
Is 130544994 a multiple of 2?
True
Is 18434299 a multiple of 97?
False
Does 7 divide 1477312168?
False
Does 4 divide 40486036?
True
Is 2489044 a multiple of 101?
True
Is 377 a factor of 27806021?
False
Is 11 a factor of 40391363?
False
Is 39 a factor of 68264551?
False
Does 63 divide 22934331?
True
Does 7 divide 25933285?
True
Does 104 divide 80858232?
True
Is 1396099601 a multiple of 1398?
False
Does 2675 divide 34863326?
False
Is 887 a factor of 2043583175?
False
Is 651 a factor of 28252146?
False
Is 9 a factor of 2785392486?
True
Is 600 a factor of 1481280511?
False
Is 12188091 a multiple of 23?
True
Is 520061760 a multiple of 870?
False
Is 37 a factor of 10929516?
False
Does 382 divide 29941542?
True
Does 1645 divide 418502505?
False
Does 1766 divide 551603036?
True
Is 128451486 a multiple of 3?
True
Is 289847363 a multiple of 57?
False
Does 48 divide 1128367056?
True
Is 160 a factor of 489161280?
True
Is 1360525706 a multiple of 17?
False
Is 682 a factor of 5412789?
False
Does 21 divide 835989819?
True
Is 61460319 a multiple of 429?
False
Is 27329445 a multiple of 39?
True
Is 28080755 a multiple of 1866?
False
Does 677 divide 3107403597?
True
Does 144 div